133
What is the remainder when 9175 is divided by 2358?
2101
Calculate the remainder when 418281354 is divided by 10897.
9
Calculate the remainder when 51489034 is divided by 277.
274
Calculate the remainder when 13551354 is divided by 767.
765
Calculate the remainder when 94398 is divided by 47120.
158
Calculate the remainder when 1470978 is divided by 91923.
210
Calculate the remainder when 19574 is divided by 4840.
214
What is the remainder when 612877 is divided by 52?
5
Calculate the remainder when 93911998 is divided by 350.
348
What is the remainder when 16205385 is divided by 2438?
2437
Calculate the remainder when 566062 is divided by 16.
14
What is the remainder when 35679 is divided by 511?
420
What is the remainder when 4647175 is divided by 31?
27
What is the remainder when 5218087 is divided by 208723?
12
What is the remainder when 11260 is divided by 639?
397
What is the remainder when 103960 is divided by 452?
0
Calculate the remainder when 2636077 is divided by 16272.
13
Calculate the remainder when 1727105 is divided by 55.
50
Calculate the remainder when 28629 is divided by 28371.
258
Calculate the remainder when 5196713 is divided by 1084.
17
Calculate the remainder when 967389 is divided by 518.
283
What is the remainder when 69112493 is divided by 11518747?
11
What is the remainder when 2617390 is divided by 1179?
10
Calculate the remainder when 41082292 is divided by 362.
360
What is the remainder when 3508721 is divided by 404?
385
Calculate the remainder when 88089863 is divided by 33418.
15
Calculate the remainder when 80372070 is divided by 13.
12
What is the remainder when 8758306 is divided by 5?
1
Calculate the remainder when 69050 is divided by 993.
533
Calculate the remainder when 5873659 is divided by 820.
819
Calculate the remainder when 1205935 is divided by 238.
227
Calculate the remainder when 87804 is divided by 8774.
64
What is the remainder when 715871 is divided by 1059?
1046
What is the remainder when 1029505 is divided by 12402?
139
What is the remainder when 5905592 is divided by 3365?
17
What is the remainder when 4100874 is divided by 286?
206
What is the remainder when 14894910 is divided by 2978982?
0
Calculate the remainder when 1339289 is divided by 31146.
11
Calculate the remainder when 39244638 is divided by 36304.
14
What is the remainder when 376175459 is divided by 798674?
5
What is the remainder when 3989274 is divided by 497?
352
What is the remainder when 217813848 is divided by 54453459?
12
Calculate the remainder when 727014 is divided by 272.
230
Calculate the remainder when 702708 is divided by 140541.
3
What is the remainder when 499947547 is divided by 144?
139
What is the remainder when 87936 is divided by 4033?
3243
What is the remainder when 3445563 is divided by 1231?
1225
Calculate the remainder when 466447 is divided by 230883.
4681
Calculate the remainder when 2665623 is divided by 177.
3
What is the remainder when 2602016 is divided by 867324?
44
Calculate the remainder when 131371 is divided by 3457.
5
Calculate the remainder when 1081160 is divided by 143.
80
What is the remainder when 3260979 is divided by 904?
251
Calculate the remainder when 12521310 is divided by 149063.
18
Calculate the remainder when 1320626 is divided by 1242.
380
Calculate the remainder when 43693940 is divided by 32.
20
Calculate the remainder when 1053516 is divided by 15724.
8
What is the remainder when 9971770 is divided by 664776?
130
Calculate the remainder when 139536037 is divided by 69768015.
7
What is the remainder when 110829 is divided by 2424?
1749
Calculate the remainder when 4117519 is divided by 184.
151
Calculate the remainder when 17401 is divided by 1783.
1354
Calculate the remainder when 1078651 is divided by 7760.
11
What is the remainder when 93648 is divided by 49?
9
What is the remainder when 102746 is divided by 97170?
5576
Calculate the remainder when 10629 is divided by 493.
276
Calculate the remainder when 3085885 is divided by 26.
23
Calculate the remainder when 30210493 is divided by 45.
13
Calculate the remainder when 36172954 is divided by 426.
16
Calculate the remainder when 111715 is divided by 53767.
4181
What is the remainder when 12649064 is divided by 5165?
5144
What is the remainder when 535692 is divided by 628?
8
What is the remainder when 146828 is divided by 20912?
444
Calculate the remainder when 173428 is divided by 310.
138
Calculate the remainder when 20219 is divided by 1549.
82
Calculate the remainder when 2155559 is divided by 1164.
995
Calculate the remainder when 321309943 is divided by 260592.
7
What is the remainder when 15108579 is divided by 3777134?
43
Calculate the remainder when 2370502 is divided by 15003.
28
Calculate the remainder when 34063583 is divided by 12.
11
What is the remainder when 15072 is divided by 58?
50
What is the remainder when 186140729 is divided by 151?
9
What is the remainder when 3578236 is divided by 2217?
2215
What is the remainder when 9724655 is divided by 11?
6
What is the remainder when 53181174 is divided by 7?
4
Calculate the remainder when 76008 is divided by 123.
117
Calculate the remainder when 79962014 is divided by 310.
304
What is the remainder when 31193381 is divided by 8153?
3
What is the remainder when 78248 is divided by 2672?
760
What is the remainder when 19896 is divided by 297?
294
What is the remainder when 2158206 is divided by 238?
22
Calculate the remainder when 481124 is divided by 9618.
224
Calculate the remainder when 957598 is divided by 87054.
4
Calculate the remainder when 29433192 is divided by 27.
6
What is the remainder when 42057240 is divided by 21028619?
2
What is the remainder when 182764007 is divided by 13?
10
What is the remainder when 682679 is divided by 6440?
39
What is the remainder when 970128 is divided by 13?
3
Calculate the remainder when 18344369 is divided by 352775.
69
Calculate the remainder when 3967492 is divided by 4780.
92
What is the remainder when 402173 is divided by 3867?
5
Calculate the remainder when 176398 is divided by 19588.
106
Calculate the remainder when 2409438 is divided by 564.
30
What is the remainder when 2450527 is divided by 94250?
27
What is the remainder when 2153100 is divided by 627?
609
What is the remainder when 27347888 is divided by 97?
96
Calculate the remainder when 39889873 is divided by 712319.
9
Calculate the remainder when 41714502 is divided by 2607156.
6
Calculate the remainder when 172199 is divided by 3467.
2316
Calculate the remainder when 4448865 is divided by 556096.
97
What is the remainder when 560505 is divided by 139152?
3897
Calculate the remainder when 6473523 is divided by 79.
26
What is the remainder when 11826697 is divided by 376?
369
Calculate the remainder when 362906 is divided by 1564.
58
What is the remainder when 306505 is divided by 408?
97
What is the remainder when 36367965 is divided by 308203?
11
What is the remainder when 13485 is divided by 2450?
1235
Calculate the remainder when 19390317 is divided by 1410.
1407
Calculate the remainder when 8721051 is divided by 969000.
51
What is the remainder when 43424 is divided by 1809?
8
What is the remainder when 79460411 is divided by 5404?
5399
What is the remainder when 72173368 is divided by 463?
2
What is the remainder when 100056 is divided by 588?
96
What is the remainder when 854767 is divided by 565?
487
Calculate the remainder when 8996328 is divided by 4163.
85
Calculate the remainder when 1482919 is divided by 6000.
919
What is the remainder when 370600 is divided by 510?
340
Calculate the remainder when 238545 is divided by 1893.
27
What is the remainder when 77117 is divided by 4272?
221
What is the remainder when 19486291 is divided by 13665?
1
What is the remainder when 66876306 is divided by 12065?
11
Calculate the remainder when 429503133 is divided by 61.
59
What is the remainder when 5766784 is divided by 74?
38
Calculate the remainder when 513790 is divided by 4407.
2578
What is the remainder when 4327332 is divided by 113876?
44
Calculate the remainder when 922431 is divided by 230603.
19
What is the remainder when 107581871 is divided by 125?
121
Calculate the remainder when 18314537 is divided by 9157242.
53
Calculate the re